actors of 176433.
3, 23, 2557
List the prime factors of 193056.
2, 3, 2011
List the prime factors of 11715584.
2, 17, 673
List the prime factors of 230194.
2, 179, 643
List the prime factors of 28440.
2, 3, 5, 79
List the prime factors of 326323.
326323
What are the prime factors of 336347?
11, 30577
What are the prime factors of 5725455?
3, 5, 381697
What are the prime factors of 15079655?
5, 283, 10657
List the prime factors of 595955.
5, 119191
What are the prime factors of 140302?
2, 29, 41, 59
What are the prime factors of 5492507?
5492507
List the prime factors of 8100249.
3, 2700083
What are the prime factors of 539191?
41, 13151
List the prime factors of 102834.
2, 3, 29, 197
What are the prime factors of 1282172?
2, 73, 4391
What are the prime factors of 23513?
7, 3359
What are the prime factors of 6304312?
2, 7, 112577
What are the prime factors of 928619?
928619
List the prime factors of 21739.
21739
What are the prime factors of 1092418?
2, 103, 5303
What are the prime factors of 18222590?
2, 5, 1822259
List the prime factors of 21022003.
61, 251, 1373
List the prime factors of 329985.
3, 5, 7333
What are the prime factors of 1952142?
2, 3, 223, 1459
What are the prime factors of 272889?
3, 1123
What are the prime factors of 1031764?
2, 17, 15173
List the prime factors of 6874663.
191, 35993
List the prime factors of 3814610.
2, 5, 381461
What are the prime factors of 8507130?
2, 3, 5, 283571
What are the prime factors of 1200221?
11, 109111
What are the prime factors of 90941?
211, 431
List the prime factors of 194237.
19, 10223
List the prime factors of 22639376.
2, 17, 83233
List the prime factors of 1116590.
2, 5, 111659
What are the prime factors of 9047999?
9047999
List the prime factors of 3980.
2, 5, 199
What are the prime factors of 2810234?
2, 7, 200731
List the prime factors of 172451.
331, 521
List the prime factors of 6925785.
3, 5, 19, 1279
What are the prime factors of 410140?
2, 5, 20507
List the prime factors of 156393.
3, 17377
What are the prime factors of 1738858?
2, 11, 79039
What are the prime factors of 73573?
29, 43, 59
List the prime factors of 119741.
29, 4129
List the prime factors of 334142.
2, 167071
List the prime factors of 2276817.
3, 389, 1951
List the prime factors of 180493.
199, 907
What are the prime factors of 1394941?
1394941
What are the prime factors of 191423?
107, 1789
List the prime factors of 3160850.
2, 5, 7, 11, 821
List the prime factors of 13990676.
2, 7, 41, 1741
What are the prime factors of 1213593?
3, 404531
What are the prime factors of 184355?
5, 36871
List the prime factors of 1477.
7, 211
What are the prime factors of 7734888?
2, 3, 7, 103, 149
What are the prime factors of 6326486?
2, 3163243
What are the prime factors of 241204?
2, 47, 1283
List the prime factors of 1043745.
3, 5, 149, 467
What are the prime factors of 839371?
13, 64567
What are the prime factors of 692386?
2, 43, 83, 97
List the prime factors of 1360428.
2, 3, 73, 1553
List the prime factors of 327517.
327517
What are the prime factors of 19276496?
2, 1204781
What are the prime factors of 5854312?
2, 467, 1567
What are the prime factors of 447072?
2, 3, 4657
List the prime factors of 1862858.
2, 103, 9043
List the prime factors of 289459.
17, 17027
What are the prime factors of 887753?
73, 12161
List the prime factors of 230363.
7, 32909
List the prime factors of 6595453.
6595453
List the prime factors of 3365396.
2, 841349
List the prime factors of 24221505.
3, 5, 7, 11, 67, 313
List the prime factors of 1744576.
2, 27259
List the prime factors of 35969501.
17, 2115853
List the prime factors of 2923325.
5, 116933
What are the prime factors of 4659777?
3, 23, 22511
What are the prime factors of 15813335?
5, 61, 139, 373
List the prime factors of 950779.
19, 163, 307
List the prime factors of 229332.
2, 3, 29, 659
List the prime factors of 2374828.
2, 593707
What are the prime factors of 210485?
5, 11, 43, 89
List the prime factors of 200665.
5, 67, 599
What are the prime factors of 3904098?
2, 3, 11, 149, 397
List the prime factors of 233844.
2, 3, 13, 1499
List the prime factors of 3870857.
1697, 2281
List the prime factors of 13171288.
2, 13, 89, 1423
List the prime factors of 26141492.
2, 13, 19, 26459
What are the prime factors of 10550133?
3, 11, 61, 1747
What are the prime factors of 2666356?
2, 7, 11, 787
List the prime factors of 8094576.
2, 3, 7, 24091
List the prime factors of 282010.
2, 5, 28201
List the prime factors of 3449492.
2, 29, 131, 227
List the prime factors of 335222.
2, 167611
What are the prime factors of 290267?
109, 2663
List the prime factors of 6080066.
2, 683, 4451
What are the prime factors of 6986351?
107, 65293
What are the prime factors of 7925588?
2, 11, 43, 59, 71
List the prime factors of 88230.
2, 3, 5, 17, 173
List the prime factors of 838860.
2, 3, 5, 11, 31, 41
What are the prime factors of 716095?
5, 197, 727
What are the prime factors of 959384?
2, 119923
List the prime factors of 95202.
2, 3, 41, 43
What are the prime factors of 283164?
2, 3, 7, 3371
List the prime factors of 428600.
2, 5, 2143
List the prime factors of 12032833.
19, 633307
What are the prime factors of 3066511?
7, 17, 73, 353
What are the prime factors of 62224?
2, 3889
What are the prime factors of 13046380?
2, 5, 652319
List the prime factors of 219308.
2, 109, 503
What are the prime factors of 3625443?
3, 331, 1217
What are the prime factors of 11727646?
2, 7, 401, 2089
List the prime factors of 18114375.
3, 5, 9661
What are the prime factors of 2099837?
2099837
List the prime factors of 536993.
29, 18517
List the prime factors of 16338144.
2, 3, 170189
List the prime factors of 10258454.
2, 5129227
What are the prime factors of 811363?
7, 31, 3739
List the prime factors of 702542.
2, 17, 20663
What are the prime factors of 488658?
2, 3, 23, 3541
What are the prime factors of 19210191?
3, 7, 11, 13, 6397
What are the prime factors of 2278449?
3, 23, 1223
What are the prime factors of 225215?
5, 31, 1453
List the prime factors of 1841618.
2, 229, 4021
List the prime factors of 681350.
2, 5, 13627
List the prime factors of 1170276.
2, 3, 97523
What are the prime factors of 8812477?
17, 30493
List the prime factors of 383338.
2, 191669
List the prime factors of 1226.
2, 613
List the prime factors of 26830927.
457, 58711
What are the prime factors of 6626548?
2, 263, 6299
List the prime factors of 949290.
2, 3, 5, 31643
List the prime factors of 7109201.
11, 646291
List the prime factors of 7571677.
1237, 6121
List the prime factors of 1178681.
7, 23, 7321
List the prime factors of 4689133.
4689133
What are the prime factors of 357896?
2, 7, 11, 83
List the prime factors of 4649632.
2, 13, 11177
List the prime factors of 3521239.
3521239
List the prime factors of 5309191.
5309191
List the prime factors of 395207.
227, 1741
What are the prime factors of 41324?
2, 10331
List the prime factors of 764803.
13, 58831
What are the prime factors of 48334?
2, 11, 13
What are the prime factors of 1032322?
2, 516161
List the prime factors of 298200.
2, 3, 5, 7, 71
List the prime factors of 29144219.
13, 331, 521
What are the prime factors of 2771?
17, 163
What are the prime factors of 1187299?
173, 6863
List the prime factors of 61518.
2, 3, 10253
List the prime factors of 993389.
41, 24229
List the prime factors of 375970.
2, 5, 7, 41, 131
What are the prime factors of 1115858?
2, 131, 4259
List the prime factors of 911879.
911879
List the prime factors of 5365067.
43, 124769
List the prime factors of 18339166.
2, 31, 53, 5581
List the prime factors of 286692.
2, 3, 7, 3413
List the prime factors of 1977482.
2, 13, 19, 4003
What are the prime factors of 2382391?
11, 19, 11399
List the prime factors of 2446864.
2, 7, 3121
What are the prime factors of 3469936?
2, 137, 1583
List the prime factors of 2660920.
2, 5, 66523
List the prime factors of 6221247.
3, 23, 90163
List the prime factors of 10708818.
2, 3, 19, 93937
List the prime factors of 4540991.
7, 13, 139, 359
List the prime factors of 392393.
79, 4967
What are the prime factors of 1514014?
2, 467, 1621
List the prime factors of 222187.
7, 31741
List the prime factors of 2022304.
2, 63197
List the prime factors of 341351.
353, 967
What are the pr